{"id":94246,"date":"2025-12-24T20:25:43","date_gmt":"2025-12-24T19:25:43","guid":{"rendered":"https:\/\/hundeschule-steinbach.at\/?page_id=94246"},"modified":"2026-04-07T12:08:33","modified_gmt":"2026-04-07T10:08:33","slug":"2-stoebercup-der-region-ost-2026","status":"publish","type":"page","link":"https:\/\/hundeschule-steinbach.at\/index.php\/2-stoebercup-der-region-ost-2026\/","title":{"rendered":"2. St\u00f6bercup der Region Ost 2026"},"content":{"rendered":"\n<p class=\"has-text-align-center\">Am 31. Mai 2026 veranstalten wir den 2. St\u00f6bercup der Region Ost.<\/p>\n\n\n<div class=\"wp-block-image\">\n<figure class=\"aligncenter size-full is-resized\"><img loading=\"lazy\" decoding=\"async\" width=\"595\" height=\"841\" src=\"https:\/\/hundeschule-steinbach.at\/wp-content\/uploads\/2026\/01\/Einladung_Stoebercup2026.jpg\" alt=\"\" class=\"wp-image-103510\" style=\"width:435px;height:auto\" srcset=\"https:\/\/hundeschule-steinbach.at\/wp-content\/uploads\/2026\/01\/Einladung_Stoebercup2026.jpg 595w, https:\/\/hundeschule-steinbach.at\/wp-content\/uploads\/2026\/01\/Einladung_Stoebercup2026-212x300.jpg 212w\" sizes=\"auto, (max-width: 595px) 100vw, 595px\" \/><\/figure>\n<\/div>\n\n\n<p class=\"has-text-align-center\">Wir freuen uns auf zahlreiche Starter.<\/p>\n\n\n\n<hr class=\"wp-block-separator has-alpha-channel-opacity\"\/>\n\n\n\n<p>Die Einladung als PDF findet ihr:&nbsp;<a href=\"\/wp-content\/uploads\/2026\/01\/Einladung_Stoebercup2026.pdf\" target=\"_blank\" rel=\"noreferrer noopener\">HIER<\/a><br>Link zur Veranstaltung auf&nbsp;<a href=\"https:\/\/oekv.caniva.com\/event\/22117\/2--St%C3%B6bercup-Region-Ost\/\" target=\"_blank\" rel=\"noreferrer noopener\">Caniva<\/a>&nbsp;\u2013 Meldung ab 1. M\u00e4rz m\u00f6glich.<\/p>\n\n\n\n<hr class=\"wp-block-separator has-alpha-channel-opacity\"\/>\n\n\n\n<p>Auf dieser Seite gibt es laufend Informationen dazu&#8230;<\/p>\n\n\n\n<hr class=\"wp-block-separator has-alpha-channel-opacity\"\/>\n\n\n\n<p>Camping ist m\u00f6glich &#8211; wir bitten um Voranmeldung unter <a href=\"mailto:office@hundeschule-steinbach.at\">office@hundeschule-steinbach.at<\/a> bzw. (0665) 672 10 442<\/p>\n\n\n\n<hr class=\"wp-block-separator has-alpha-channel-opacity\"\/>\n\n\n\n<p>Veranstaltungsort:<\/p>\n\n\n\n<iframe src=\"https:\/\/www.google.com\/maps\/embed?pb=!1m18!1m12!1m3!1d2625.661546159227!2d14.994685775960816!3d48.84559420160752!2m3!1f0!2f0!3f0!3m2!1i1024!2i768!4f13.1!3m3!1m2!1s0x4773264450973f2b%3A0x68e84aac3760f4a4!2sKulturhaus%20Alt-Nagelberg!5e0!3m2!1sde!2sat!4v1740598070448!5m2!1sde!2sat\" width=\"600\" height=\"450\" style=\"border:0;\" allowfullscreen=\"\" loading=\"lazy\" referrerpolicy=\"no-referrer-when-downgrade\"><\/iframe>\n\n\n\n<p><\/p>\n","protected":false},"excerpt":{"rendered":"<p>Am 31. Mai 2026 veranstalten wir den 2. St\u00f6bercup der Region Ost. Wir freuen uns auf zahlreiche Starter. Die Einladung als PDF findet ihr:&nbsp;HIERLink zur Veranstaltung auf&nbsp;Caniva&nbsp;\u2013 Meldung ab 1. M\u00e4rz m\u00f6glich. Auf dieser Seite gibt es laufend Informationen dazu&#8230; Camping ist m\u00f6glich &#8211; wir bitten um Voranmeldung unter office@hundeschule-steinbach.at bzw. (0665) 672 10 442 [&hellip;]<\/p>\n","protected":false},"author":1,"featured_media":0,"parent":0,"menu_order":0,"comment_status":"closed","ping_status":"open","template":"","meta":{"footnotes":""},"class_list":["post-94246","page","type-page","status-publish","hentry"],"yoast_head":"<!-- This site is optimized with the Yoast SEO plugin v27.2 - https:\/\/yoast.com\/product\/yoast-seo-wordpress\/ -->\n<title>2. St\u00f6bercup der Region Ost 2026 - \u00d6RV HSV STEINBACH<\/title>\n<meta name=\"robots\" content=\"index, follow, max-snippet:-1, max-image-preview:large, max-video-preview:-1\" \/>\n<link rel=\"canonical\" href=\"https:\/\/hundeschule-steinbach.at\/index.php\/2-stoebercup-der-region-ost-2026\/\" \/>\n<meta property=\"og:locale\" content=\"de_DE\" \/>\n<meta property=\"og:type\" content=\"article\" \/>\n<meta property=\"og:title\" content=\"2. St\u00f6bercup der Region Ost 2026 - \u00d6RV HSV STEINBACH\" \/>\n<meta property=\"og:description\" content=\"Am 31. Mai 2026 veranstalten wir den 2. St\u00f6bercup der Region Ost. Wir freuen uns auf zahlreiche Starter. Die Einladung als PDF findet ihr:&nbsp;HIERLink zur Veranstaltung auf&nbsp;Caniva&nbsp;\u2013 Meldung ab 1. M\u00e4rz m\u00f6glich. Auf dieser Seite gibt es laufend Informationen dazu&#8230; Camping ist m\u00f6glich &#8211; wir bitten um Voranmeldung unter office@hundeschule-steinbach.at bzw. (0665) 672 10 442 [&hellip;]\" \/>\n<meta property=\"og:url\" content=\"https:\/\/hundeschule-steinbach.at\/index.php\/2-stoebercup-der-region-ost-2026\/\" \/>\n<meta property=\"og:site_name\" content=\"\u00d6RV HSV STEINBACH\" \/>\n<meta property=\"article:modified_time\" content=\"2026-04-07T10:08:33+00:00\" \/>\n<meta property=\"og:image\" content=\"https:\/\/hundeschule-steinbach.at\/wp-content\/uploads\/2026\/01\/Einladung_Stoebercup2026.jpg\" \/>\n\t<meta property=\"og:image:width\" content=\"595\" \/>\n\t<meta property=\"og:image:height\" content=\"841\" \/>\n\t<meta property=\"og:image:type\" content=\"image\/jpeg\" \/>\n<meta name=\"twitter:card\" content=\"summary_large_image\" \/>\n<meta name=\"twitter:label1\" content=\"Gesch\u00e4tzte Lesezeit\" \/>\n\t<meta name=\"twitter:data1\" content=\"1 Minute\" \/>\n<script type=\"application\/ld+json\" class=\"yoast-schema-graph\">{\"@context\":\"https:\/\/schema.org\",\"@graph\":[{\"@type\":\"WebPage\",\"@id\":\"https:\/\/hundeschule-steinbach.at\/index.php\/2-stoebercup-der-region-ost-2026\/\",\"url\":\"https:\/\/hundeschule-steinbach.at\/index.php\/2-stoebercup-der-region-ost-2026\/\",\"name\":\"2. St\u00f6bercup der Region Ost 2026 - \u00d6RV HSV STEINBACH\",\"isPartOf\":{\"@id\":\"https:\/\/hundeschule-steinbach.at\/#website\"},\"primaryImageOfPage\":{\"@id\":\"https:\/\/hundeschule-steinbach.at\/index.php\/2-stoebercup-der-region-ost-2026\/#primaryimage\"},\"image\":{\"@id\":\"https:\/\/hundeschule-steinbach.at\/index.php\/2-stoebercup-der-region-ost-2026\/#primaryimage\"},\"thumbnailUrl\":\"https:\/\/hundeschule-steinbach.at\/wp-content\/uploads\/2026\/01\/Einladung_Stoebercup2026.jpg\",\"datePublished\":\"2025-12-24T19:25:43+00:00\",\"dateModified\":\"2026-04-07T10:08:33+00:00\",\"breadcrumb\":{\"@id\":\"https:\/\/hundeschule-steinbach.at\/index.php\/2-stoebercup-der-region-ost-2026\/#breadcrumb\"},\"inLanguage\":\"de-AT\",\"potentialAction\":[{\"@type\":\"ReadAction\",\"target\":[\"https:\/\/hundeschule-steinbach.at\/index.php\/2-stoebercup-der-region-ost-2026\/\"]}]},{\"@type\":\"ImageObject\",\"inLanguage\":\"de-AT\",\"@id\":\"https:\/\/hundeschule-steinbach.at\/index.php\/2-stoebercup-der-region-ost-2026\/#primaryimage\",\"url\":\"https:\/\/hundeschule-steinbach.at\/wp-content\/uploads\/2026\/01\/Einladung_Stoebercup2026.jpg\",\"contentUrl\":\"https:\/\/hundeschule-steinbach.at\/wp-content\/uploads\/2026\/01\/Einladung_Stoebercup2026.jpg\",\"width\":595,\"height\":841},{\"@type\":\"BreadcrumbList\",\"@id\":\"https:\/\/hundeschule-steinbach.at\/index.php\/2-stoebercup-der-region-ost-2026\/#breadcrumb\",\"itemListElement\":[{\"@type\":\"ListItem\",\"position\":1,\"name\":\"Home\",\"item\":\"https:\/\/hundeschule-steinbach.at\/\"},{\"@type\":\"ListItem\",\"position\":2,\"name\":\"2. St\u00f6bercup der Region Ost 2026\"}]},{\"@type\":\"WebSite\",\"@id\":\"https:\/\/hundeschule-steinbach.at\/#website\",\"url\":\"https:\/\/hundeschule-steinbach.at\/\",\"name\":\"\u00d6RV HSV STEINBACH\",\"description\":\"Hundeschule Steinbach - Wald4tler-Pfotenakademie\",\"publisher\":{\"@id\":\"https:\/\/hundeschule-steinbach.at\/#organization\"},\"potentialAction\":[{\"@type\":\"SearchAction\",\"target\":{\"@type\":\"EntryPoint\",\"urlTemplate\":\"https:\/\/hundeschule-steinbach.at\/?s={search_term_string}\"},\"query-input\":{\"@type\":\"PropertyValueSpecification\",\"valueRequired\":true,\"valueName\":\"search_term_string\"}}],\"inLanguage\":\"de-AT\"},{\"@type\":\"Organization\",\"@id\":\"https:\/\/hundeschule-steinbach.at\/#organization\",\"name\":\"\u00d6RV HSV STEINBACH\",\"url\":\"https:\/\/hundeschule-steinbach.at\/\",\"logo\":{\"@type\":\"ImageObject\",\"inLanguage\":\"de-AT\",\"@id\":\"https:\/\/hundeschule-steinbach.at\/#\/schema\/logo\/image\/\",\"url\":\"https:\/\/hundeschule-steinbach.at\/wp-content\/uploads\/2024\/04\/cropped-Logo_neu_entwurfV2_Vekt.png\",\"contentUrl\":\"https:\/\/hundeschule-steinbach.at\/wp-content\/uploads\/2024\/04\/cropped-Logo_neu_entwurfV2_Vekt.png\",\"width\":3041,\"height\":719,\"caption\":\"\u00d6RV HSV STEINBACH\"},\"image\":{\"@id\":\"https:\/\/hundeschule-steinbach.at\/#\/schema\/logo\/image\/\"}}]}<\/script>\n<!-- \/ Yoast SEO plugin. -->","yoast_head_json":{"title":"2. St\u00f6bercup der Region Ost 2026 - \u00d6RV HSV STEINBACH","robots":{"index":"index","follow":"follow","max-snippet":"max-snippet:-1","max-image-preview":"max-image-preview:large","max-video-preview":"max-video-preview:-1"},"canonical":"https:\/\/hundeschule-steinbach.at\/index.php\/2-stoebercup-der-region-ost-2026\/","og_locale":"de_DE","og_type":"article","og_title":"2. St\u00f6bercup der Region Ost 2026 - \u00d6RV HSV STEINBACH","og_description":"Am 31. Mai 2026 veranstalten wir den 2. St\u00f6bercup der Region Ost. Wir freuen uns auf zahlreiche Starter. Die Einladung als PDF findet ihr:&nbsp;HIERLink zur Veranstaltung auf&nbsp;Caniva&nbsp;\u2013 Meldung ab 1. M\u00e4rz m\u00f6glich. Auf dieser Seite gibt es laufend Informationen dazu&#8230; Camping ist m\u00f6glich &#8211; wir bitten um Voranmeldung unter office@hundeschule-steinbach.at bzw. (0665) 672 10 442 [&hellip;]","og_url":"https:\/\/hundeschule-steinbach.at\/index.php\/2-stoebercup-der-region-ost-2026\/","og_site_name":"\u00d6RV HSV STEINBACH","article_modified_time":"2026-04-07T10:08:33+00:00","og_image":[{"width":595,"height":841,"url":"https:\/\/hundeschule-steinbach.at\/wp-content\/uploads\/2026\/01\/Einladung_Stoebercup2026.jpg","type":"image\/jpeg"}],"twitter_card":"summary_large_image","twitter_misc":{"Gesch\u00e4tzte Lesezeit":"1 Minute"},"schema":{"@context":"https:\/\/schema.org","@graph":[{"@type":"WebPage","@id":"https:\/\/hundeschule-steinbach.at\/index.php\/2-stoebercup-der-region-ost-2026\/","url":"https:\/\/hundeschule-steinbach.at\/index.php\/2-stoebercup-der-region-ost-2026\/","name":"2. St\u00f6bercup der Region Ost 2026 - \u00d6RV HSV STEINBACH","isPartOf":{"@id":"https:\/\/hundeschule-steinbach.at\/#website"},"primaryImageOfPage":{"@id":"https:\/\/hundeschule-steinbach.at\/index.php\/2-stoebercup-der-region-ost-2026\/#primaryimage"},"image":{"@id":"https:\/\/hundeschule-steinbach.at\/index.php\/2-stoebercup-der-region-ost-2026\/#primaryimage"},"thumbnailUrl":"https:\/\/hundeschule-steinbach.at\/wp-content\/uploads\/2026\/01\/Einladung_Stoebercup2026.jpg","datePublished":"2025-12-24T19:25:43+00:00","dateModified":"2026-04-07T10:08:33+00:00","breadcrumb":{"@id":"https:\/\/hundeschule-steinbach.at\/index.php\/2-stoebercup-der-region-ost-2026\/#breadcrumb"},"inLanguage":"de-AT","potentialAction":[{"@type":"ReadAction","target":["https:\/\/hundeschule-steinbach.at\/index.php\/2-stoebercup-der-region-ost-2026\/"]}]},{"@type":"ImageObject","inLanguage":"de-AT","@id":"https:\/\/hundeschule-steinbach.at\/index.php\/2-stoebercup-der-region-ost-2026\/#primaryimage","url":"https:\/\/hundeschule-steinbach.at\/wp-content\/uploads\/2026\/01\/Einladung_Stoebercup2026.jpg","contentUrl":"https:\/\/hundeschule-steinbach.at\/wp-content\/uploads\/2026\/01\/Einladung_Stoebercup2026.jpg","width":595,"height":841},{"@type":"BreadcrumbList","@id":"https:\/\/hundeschule-steinbach.at\/index.php\/2-stoebercup-der-region-ost-2026\/#breadcrumb","itemListElement":[{"@type":"ListItem","position":1,"name":"Home","item":"https:\/\/hundeschule-steinbach.at\/"},{"@type":"ListItem","position":2,"name":"2. St\u00f6bercup der Region Ost 2026"}]},{"@type":"WebSite","@id":"https:\/\/hundeschule-steinbach.at\/#website","url":"https:\/\/hundeschule-steinbach.at\/","name":"\u00d6RV HSV STEINBACH","description":"Hundeschule Steinbach - Wald4tler-Pfotenakademie","publisher":{"@id":"https:\/\/hundeschule-steinbach.at\/#organization"},"potentialAction":[{"@type":"SearchAction","target":{"@type":"EntryPoint","urlTemplate":"https:\/\/hundeschule-steinbach.at\/?s={search_term_string}"},"query-input":{"@type":"PropertyValueSpecification","valueRequired":true,"valueName":"search_term_string"}}],"inLanguage":"de-AT"},{"@type":"Organization","@id":"https:\/\/hundeschule-steinbach.at\/#organization","name":"\u00d6RV HSV STEINBACH","url":"https:\/\/hundeschule-steinbach.at\/","logo":{"@type":"ImageObject","inLanguage":"de-AT","@id":"https:\/\/hundeschule-steinbach.at\/#\/schema\/logo\/image\/","url":"https:\/\/hundeschule-steinbach.at\/wp-content\/uploads\/2024\/04\/cropped-Logo_neu_entwurfV2_Vekt.png","contentUrl":"https:\/\/hundeschule-steinbach.at\/wp-content\/uploads\/2024\/04\/cropped-Logo_neu_entwurfV2_Vekt.png","width":3041,"height":719,"caption":"\u00d6RV HSV STEINBACH"},"image":{"@id":"https:\/\/hundeschule-steinbach.at\/#\/schema\/logo\/image\/"}}]}},"_links":{"self":[{"href":"https:\/\/hundeschule-steinbach.at\/index.php\/wp-json\/wp\/v2\/pages\/94246","targetHints":{"allow":["GET"]}}],"collection":[{"href":"https:\/\/hundeschule-steinbach.at\/index.php\/wp-json\/wp\/v2\/pages"}],"about":[{"href":"https:\/\/hundeschule-steinbach.at\/index.php\/wp-json\/wp\/v2\/types\/page"}],"author":[{"embeddable":true,"href":"https:\/\/hundeschule-steinbach.at\/index.php\/wp-json\/wp\/v2\/users\/1"}],"replies":[{"embeddable":true,"href":"https:\/\/hundeschule-steinbach.at\/index.php\/wp-json\/wp\/v2\/comments?post=94246"}],"version-history":[{"count":4,"href":"https:\/\/hundeschule-steinbach.at\/index.php\/wp-json\/wp\/v2\/pages\/94246\/revisions"}],"predecessor-version":[{"id":116242,"href":"https:\/\/hundeschule-steinbach.at\/index.php\/wp-json\/wp\/v2\/pages\/94246\/revisions\/116242"}],"wp:attachment":[{"href":"https:\/\/hundeschule-steinbach.at\/index.php\/wp-json\/wp\/v2\/media?parent=94246"}],"curies":[{"name":"wp","href":"https:\/\/api.w.org\/{rel}","templated":true}]}}