{"id":941,"date":"2024-04-11T10:47:57","date_gmt":"2024-04-11T08:47:57","guid":{"rendered":"https:\/\/test6.realsolution.at\/?page_id=941"},"modified":"2026-01-31T19:32:49","modified_gmt":"2026-01-31T18:32:49","slug":"home","status":"publish","type":"page","link":"https:\/\/hundeschule-steinbach.at\/","title":{"rendered":"HOME"},"content":{"rendered":"<div class=\"wp-block-image\">\n<figure class=\"aligncenter size-large\"><img loading=\"lazy\" decoding=\"async\" width=\"1024\" height=\"111\" src=\"https:\/\/hundeschule-steinbach.at\/wp-content\/uploads\/2024\/04\/Platz_Panorama-1024x111.jpg\" alt=\"\" class=\"wp-image-890\" srcset=\"https:\/\/hundeschule-steinbach.at\/wp-content\/uploads\/2024\/04\/Platz_Panorama-1024x111.jpg 1024w, https:\/\/hundeschule-steinbach.at\/wp-content\/uploads\/2024\/04\/Platz_Panorama-300x33.jpg 300w, https:\/\/hundeschule-steinbach.at\/wp-content\/uploads\/2024\/04\/Platz_Panorama-768x84.jpg 768w, https:\/\/hundeschule-steinbach.at\/wp-content\/uploads\/2024\/04\/Platz_Panorama-1536x167.jpg 1536w, https:\/\/hundeschule-steinbach.at\/wp-content\/uploads\/2024\/04\/Platz_Panorama.jpg 1600w\" sizes=\"auto, (max-width: 1024px) 100vw, 1024px\" \/><\/figure>\n<\/div>\n\n\n<p class=\"has-text-align-center has-vivid-red-color has-text-color has-link-color has-medium-font-size wp-elements-708444c43e2596377fc5593e774bc7cd\"><br><\/p>\n\n\n\n<h4 class=\"wp-block-heading has-text-align-center\">Herzlich willkommen beim <br>\u00d6sterreichischen Rassehundeverein (\u00d6RV) Hundesportverein Steinbach!<\/h4>\n\n\n\n<p class=\"has-text-align-center\"><\/p>\n\n\n\n<p class=\"has-text-align-center\"><strong>Der \u00d6RV steht f\u00fcr die F\u00f6rderung der Mensch\u2013 Hundbeziehung durch eine&nbsp;<br>hundegerechte und wissenschaftlich fundierte Ausbildung und Besch\u00e4ftigung<\/strong><br><\/p>\n\n\n<div class=\"wp-block-image\">\n<figure class=\"aligncenter size-large is-resized\"><img decoding=\"async\" src=\"\/wp-content\/uploads\/2025\/10\/Wald4tlerPfotenakademie.jpg\" alt=\"\" style=\"width:450px\"\/><\/figure>\n<\/div>\n\n\n<p><\/p>\n\n\n\n<div class=\"wp-block-columns are-vertically-aligned-center is-layout-flex wp-container-core-columns-is-layout-9d6595d7 wp-block-columns-is-layout-flex\">\n<div class=\"wp-block-column is-vertically-aligned-center is-layout-flow wp-block-column-is-layout-flow\"><div class=\"wp-block-image\">\n<figure class=\"aligncenter size-full is-resized\"><a class=\"\" href=\"http:\/\/hunde-oerv.at\" target=\"_blank\" rel=\"noreferrer noopener\"><img loading=\"lazy\" decoding=\"async\" width=\"393\" height=\"100\" src=\"https:\/\/hundeschule-steinbach.at\/wp-content\/uploads\/2024\/04\/oerv_logo1.gif\" alt=\"\" class=\"wp-image-966\" style=\"width:275px;height:auto\"\/><\/a><\/figure>\n<\/div><\/div>\n\n\n\n<div class=\"wp-block-column is-vertically-aligned-center is-layout-flow wp-block-column-is-layout-flow\"><div class=\"wp-block-image\">\n<figure class=\"aligncenter size-large is-resized\"><a href=\"http:\/\/oekv.at\" target=\"_blank\" rel=\"noreferrer noopener\"><img loading=\"lazy\" decoding=\"async\" width=\"1024\" height=\"968\" src=\"https:\/\/hundeschule-steinbach.at\/wp-content\/uploads\/2024\/04\/oekv-1024x968.png\" alt=\"\" class=\"wp-image-965\" style=\"width:auto;height:70px\" srcset=\"https:\/\/hundeschule-steinbach.at\/wp-content\/uploads\/2024\/04\/oekv-1024x968.png 1024w, https:\/\/hundeschule-steinbach.at\/wp-content\/uploads\/2024\/04\/oekv-300x284.png 300w, https:\/\/hundeschule-steinbach.at\/wp-content\/uploads\/2024\/04\/oekv-768x726.png 768w, https:\/\/hundeschule-steinbach.at\/wp-content\/uploads\/2024\/04\/oekv.png 1199w\" sizes=\"auto, (max-width: 1024px) 100vw, 1024px\" \/><\/a><\/figure>\n<\/div><\/div>\n<\/div>\n\n\n\n<div class=\"wp-block-columns is-layout-flex wp-container-core-columns-is-layout-9d6595d7 wp-block-columns-is-layout-flex\">\n<div class=\"wp-block-column is-vertically-aligned-center is-layout-flow wp-block-column-is-layout-flow\"><div class=\"wp-block-image\">\n<figure class=\"aligncenter size-full is-resized\"><img decoding=\"async\" src=\"https:\/\/hundeschule-steinbach.at\/wp-content\/uploads\/2024\/04\/ASVOE.jpg\" alt=\"\" class=\"wp-image-1232\" style=\"width:auto;height:70px\"\/><\/figure>\n<\/div><\/div>\n\n\n\n<div class=\"wp-block-column is-layout-flow wp-block-column-is-layout-flow\"><div class=\"wp-block-image\">\n<figure class=\"aligncenter size-full is-resized\"><a href=\"http:\/\/realsolution.at\/\" target=\"_blank\" rel=\"noreferrer noopener\"><img loading=\"lazy\" decoding=\"async\" width=\"397\" height=\"110\" src=\"https:\/\/hundeschule-steinbach.at\/wp-content\/uploads\/2024\/04\/RealSolution.jpg\" alt=\"\" class=\"wp-image-967\" style=\"width:auto;height:70px\" srcset=\"https:\/\/hundeschule-steinbach.at\/wp-content\/uploads\/2024\/04\/RealSolution.jpg 397w, https:\/\/hundeschule-steinbach.at\/wp-content\/uploads\/2024\/04\/RealSolution-300x83.jpg 300w\" sizes=\"auto, (max-width: 397px) 100vw, 397px\" \/><\/a><\/figure>\n<\/div><\/div>\n<\/div>\n\n\n\n<div class=\"wp-block-columns is-layout-flex wp-container-core-columns-is-layout-9d6595d7 wp-block-columns-is-layout-flex\">\n<div class=\"wp-block-column is-layout-flow wp-block-column-is-layout-flow\"><div class=\"wp-block-image\">\n<figure class=\"aligncenter size-large is-resized\"><a href=\"http:\/\/bubos.at\" target=\"_blank\" rel=\"noreferrer noopener\"><img loading=\"lazy\" decoding=\"async\" width=\"1024\" height=\"854\" src=\"https:\/\/hundeschule-steinbach.at\/wp-content\/uploads\/2024\/04\/logo_vektor-1024x854.png\" alt=\"\" class=\"wp-image-964\" style=\"width:auto;height:70px\" srcset=\"https:\/\/hundeschule-steinbach.at\/wp-content\/uploads\/2024\/04\/logo_vektor-1024x854.png 1024w, https:\/\/hundeschule-steinbach.at\/wp-content\/uploads\/2024\/04\/logo_vektor-300x250.png 300w, https:\/\/hundeschule-steinbach.at\/wp-content\/uploads\/2024\/04\/logo_vektor-768x640.png 768w, https:\/\/hundeschule-steinbach.at\/wp-content\/uploads\/2024\/04\/logo_vektor-1536x1280.png 1536w, https:\/\/hundeschule-steinbach.at\/wp-content\/uploads\/2024\/04\/logo_vektor-2048x1707.png 2048w\" sizes=\"auto, (max-width: 1024px) 100vw, 1024px\" \/><\/a><\/figure>\n<\/div><\/div>\n<\/div>\n","protected":false},"excerpt":{"rendered":"<p>Herzlich willkommen beim \u00d6sterreichischen Rassehundeverein (\u00d6RV) Hundesportverein Steinbach! Der \u00d6RV steht f\u00fcr die F\u00f6rderung der Mensch\u2013 Hundbeziehung durch eine&nbsp;hundegerechte und wissenschaftlich fundierte Ausbildung und Besch\u00e4ftigung<\/p>\n","protected":false},"author":1,"featured_media":0,"parent":0,"menu_order":0,"comment_status":"closed","ping_status":"closed","template":"","meta":{"footnotes":""},"class_list":["post-941","page","type-page","status-publish","hentry"],"yoast_head":"<!-- This site is optimized with the Yoast SEO plugin v27.2 - https:\/\/yoast.com\/product\/yoast-seo-wordpress\/ -->\n<title>HOME - \u00d6RV HSV STEINBACH<\/title>\n<meta name=\"robots\" content=\"index, follow, max-snippet:-1, max-image-preview:large, max-video-preview:-1\" \/>\n<link rel=\"canonical\" href=\"https:\/\/hundeschule-steinbach.at\/\" \/>\n<meta property=\"og:locale\" content=\"de_DE\" \/>\n<meta property=\"og:type\" content=\"article\" \/>\n<meta property=\"og:title\" content=\"HOME - \u00d6RV HSV STEINBACH\" \/>\n<meta property=\"og:description\" content=\"Herzlich willkommen beim \u00d6sterreichischen Rassehundeverein (\u00d6RV) Hundesportverein Steinbach! Der \u00d6RV steht f\u00fcr die F\u00f6rderung der Mensch\u2013 Hundbeziehung durch eine&nbsp;hundegerechte und wissenschaftlich fundierte Ausbildung und Besch\u00e4ftigung\" \/>\n<meta property=\"og:url\" content=\"https:\/\/hundeschule-steinbach.at\/\" \/>\n<meta property=\"og:site_name\" content=\"\u00d6RV HSV STEINBACH\" \/>\n<meta property=\"article:modified_time\" content=\"2026-01-31T18:32:49+00:00\" \/>\n<meta property=\"og:image\" content=\"https:\/\/hundeschule-steinbach.at\/wp-content\/uploads\/2024\/04\/Platz_Panorama.jpg\" \/>\n\t<meta property=\"og:image:width\" content=\"1600\" \/>\n\t<meta property=\"og:image:height\" content=\"174\" \/>\n\t<meta property=\"og:image:type\" content=\"image\/jpeg\" \/>\n<meta name=\"twitter:card\" content=\"summary_large_image\" \/>\n<meta name=\"twitter:label1\" content=\"Gesch\u00e4tzte Lesezeit\" \/>\n\t<meta name=\"twitter:data1\" content=\"2 Minuten\" \/>\n<script type=\"application\/ld+json\" class=\"yoast-schema-graph\">{\"@context\":\"https:\/\/schema.org\",\"@graph\":[{\"@type\":\"WebPage\",\"@id\":\"https:\/\/hundeschule-steinbach.at\/\",\"url\":\"https:\/\/hundeschule-steinbach.at\/\",\"name\":\"HOME - \u00d6RV HSV STEINBACH\",\"isPartOf\":{\"@id\":\"https:\/\/hundeschule-steinbach.at\/#website\"},\"primaryImageOfPage\":{\"@id\":\"https:\/\/hundeschule-steinbach.at\/#primaryimage\"},\"image\":{\"@id\":\"https:\/\/hundeschule-steinbach.at\/#primaryimage\"},\"thumbnailUrl\":\"https:\/\/hundeschule-steinbach.at\/wp-content\/uploads\/2024\/04\/Platz_Panorama-1024x111.jpg\",\"datePublished\":\"2024-04-11T08:47:57+00:00\",\"dateModified\":\"2026-01-31T18:32:49+00:00\",\"breadcrumb\":{\"@id\":\"https:\/\/hundeschule-steinbach.at\/#breadcrumb\"},\"inLanguage\":\"de-AT\",\"potentialAction\":[{\"@type\":\"ReadAction\",\"target\":[\"https:\/\/hundeschule-steinbach.at\/\"]}]},{\"@type\":\"ImageObject\",\"inLanguage\":\"de-AT\",\"@id\":\"https:\/\/hundeschule-steinbach.at\/#primaryimage\",\"url\":\"https:\/\/hundeschule-steinbach.at\/wp-content\/uploads\/2024\/04\/Platz_Panorama.jpg\",\"contentUrl\":\"https:\/\/hundeschule-steinbach.at\/wp-content\/uploads\/2024\/04\/Platz_Panorama.jpg\",\"width\":1600,\"height\":174},{\"@type\":\"BreadcrumbList\",\"@id\":\"https:\/\/hundeschule-steinbach.at\/#breadcrumb\",\"itemListElement\":[{\"@type\":\"ListItem\",\"position\":1,\"name\":\"Home\",\"item\":\"https:\/\/hundeschule-steinbach.at\/\"},{\"@type\":\"ListItem\",\"position\":2,\"name\":\"HOME\"}]},{\"@type\":\"WebSite\",\"@id\":\"https:\/\/hundeschule-steinbach.at\/#website\",\"url\":\"https:\/\/hundeschule-steinbach.at\/\",\"name\":\"\u00d6RV HSV STEINBACH\",\"description\":\"Hundeschule Steinbach - Wald4tler-Pfotenakademie\",\"publisher\":{\"@id\":\"https:\/\/hundeschule-steinbach.at\/#organization\"},\"potentialAction\":[{\"@type\":\"SearchAction\",\"target\":{\"@type\":\"EntryPoint\",\"urlTemplate\":\"https:\/\/hundeschule-steinbach.at\/?s={search_term_string}\"},\"query-input\":{\"@type\":\"PropertyValueSpecification\",\"valueRequired\":true,\"valueName\":\"search_term_string\"}}],\"inLanguage\":\"de-AT\"},{\"@type\":\"Organization\",\"@id\":\"https:\/\/hundeschule-steinbach.at\/#organization\",\"name\":\"\u00d6RV HSV STEINBACH\",\"url\":\"https:\/\/hundeschule-steinbach.at\/\",\"logo\":{\"@type\":\"ImageObject\",\"inLanguage\":\"de-AT\",\"@id\":\"https:\/\/hundeschule-steinbach.at\/#\/schema\/logo\/image\/\",\"url\":\"https:\/\/hundeschule-steinbach.at\/wp-content\/uploads\/2024\/04\/cropped-Logo_neu_entwurfV2_Vekt.png\",\"contentUrl\":\"https:\/\/hundeschule-steinbach.at\/wp-content\/uploads\/2024\/04\/cropped-Logo_neu_entwurfV2_Vekt.png\",\"width\":3041,\"height\":719,\"caption\":\"\u00d6RV HSV STEINBACH\"},\"image\":{\"@id\":\"https:\/\/hundeschule-steinbach.at\/#\/schema\/logo\/image\/\"}}]}<\/script>\n<!-- \/ Yoast SEO plugin. -->","yoast_head_json":{"title":"HOME - \u00d6RV HSV STEINBACH","robots":{"index":"index","follow":"follow","max-snippet":"max-snippet:-1","max-image-preview":"max-image-preview:large","max-video-preview":"max-video-preview:-1"},"canonical":"https:\/\/hundeschule-steinbach.at\/","og_locale":"de_DE","og_type":"article","og_title":"HOME - \u00d6RV HSV STEINBACH","og_description":"Herzlich willkommen beim \u00d6sterreichischen Rassehundeverein (\u00d6RV) Hundesportverein Steinbach! Der \u00d6RV steht f\u00fcr die F\u00f6rderung der Mensch\u2013 Hundbeziehung durch eine&nbsp;hundegerechte und wissenschaftlich fundierte Ausbildung und Besch\u00e4ftigung","og_url":"https:\/\/hundeschule-steinbach.at\/","og_site_name":"\u00d6RV HSV STEINBACH","article_modified_time":"2026-01-31T18:32:49+00:00","og_image":[{"width":1600,"height":174,"url":"https:\/\/hundeschule-steinbach.at\/wp-content\/uploads\/2024\/04\/Platz_Panorama.jpg","type":"image\/jpeg"}],"twitter_card":"summary_large_image","twitter_misc":{"Gesch\u00e4tzte Lesezeit":"2 Minuten"},"schema":{"@context":"https:\/\/schema.org","@graph":[{"@type":"WebPage","@id":"https:\/\/hundeschule-steinbach.at\/","url":"https:\/\/hundeschule-steinbach.at\/","name":"HOME - \u00d6RV HSV STEINBACH","isPartOf":{"@id":"https:\/\/hundeschule-steinbach.at\/#website"},"primaryImageOfPage":{"@id":"https:\/\/hundeschule-steinbach.at\/#primaryimage"},"image":{"@id":"https:\/\/hundeschule-steinbach.at\/#primaryimage"},"thumbnailUrl":"https:\/\/hundeschule-steinbach.at\/wp-content\/uploads\/2024\/04\/Platz_Panorama-1024x111.jpg","datePublished":"2024-04-11T08:47:57+00:00","dateModified":"2026-01-31T18:32:49+00:00","breadcrumb":{"@id":"https:\/\/hundeschule-steinbach.at\/#breadcrumb"},"inLanguage":"de-AT","potentialAction":[{"@type":"ReadAction","target":["https:\/\/hundeschule-steinbach.at\/"]}]},{"@type":"ImageObject","inLanguage":"de-AT","@id":"https:\/\/hundeschule-steinbach.at\/#primaryimage","url":"https:\/\/hundeschule-steinbach.at\/wp-content\/uploads\/2024\/04\/Platz_Panorama.jpg","contentUrl":"https:\/\/hundeschule-steinbach.at\/wp-content\/uploads\/2024\/04\/Platz_Panorama.jpg","width":1600,"height":174},{"@type":"BreadcrumbList","@id":"https:\/\/hundeschule-steinbach.at\/#breadcrumb","itemListElement":[{"@type":"ListItem","position":1,"name":"Home","item":"https:\/\/hundeschule-steinbach.at\/"},{"@type":"ListItem","position":2,"name":"HOME"}]},{"@type":"WebSite","@id":"https:\/\/hundeschule-steinbach.at\/#website","url":"https:\/\/hundeschule-steinbach.at\/","name":"\u00d6RV HSV STEINBACH","description":"Hundeschule Steinbach - Wald4tler-Pfotenakademie","publisher":{"@id":"https:\/\/hundeschule-steinbach.at\/#organization"},"potentialAction":[{"@type":"SearchAction","target":{"@type":"EntryPoint","urlTemplate":"https:\/\/hundeschule-steinbach.at\/?s={search_term_string}"},"query-input":{"@type":"PropertyValueSpecification","valueRequired":true,"valueName":"search_term_string"}}],"inLanguage":"de-AT"},{"@type":"Organization","@id":"https:\/\/hundeschule-steinbach.at\/#organization","name":"\u00d6RV HSV STEINBACH","url":"https:\/\/hundeschule-steinbach.at\/","logo":{"@type":"ImageObject","inLanguage":"de-AT","@id":"https:\/\/hundeschule-steinbach.at\/#\/schema\/logo\/image\/","url":"https:\/\/hundeschule-steinbach.at\/wp-content\/uploads\/2024\/04\/cropped-Logo_neu_entwurfV2_Vekt.png","contentUrl":"https:\/\/hundeschule-steinbach.at\/wp-content\/uploads\/2024\/04\/cropped-Logo_neu_entwurfV2_Vekt.png","width":3041,"height":719,"caption":"\u00d6RV HSV STEINBACH"},"image":{"@id":"https:\/\/hundeschule-steinbach.at\/#\/schema\/logo\/image\/"}}]}},"_links":{"self":[{"href":"https:\/\/hundeschule-steinbach.at\/index.php\/wp-json\/wp\/v2\/pages\/941","targetHints":{"allow":["GET"]}}],"collection":[{"href":"https:\/\/hundeschule-steinbach.at\/index.php\/wp-json\/wp\/v2\/pages"}],"about":[{"href":"https:\/\/hundeschule-steinbach.at\/index.php\/wp-json\/wp\/v2\/types\/page"}],"author":[{"embeddable":true,"href":"https:\/\/hundeschule-steinbach.at\/index.php\/wp-json\/wp\/v2\/users\/1"}],"replies":[{"embeddable":true,"href":"https:\/\/hundeschule-steinbach.at\/index.php\/wp-json\/wp\/v2\/comments?post=941"}],"version-history":[{"count":73,"href":"https:\/\/hundeschule-steinbach.at\/index.php\/wp-json\/wp\/v2\/pages\/941\/revisions"}],"predecessor-version":[{"id":103522,"href":"https:\/\/hundeschule-steinbach.at\/index.php\/wp-json\/wp\/v2\/pages\/941\/revisions\/103522"}],"wp:attachment":[{"href":"https:\/\/hundeschule-steinbach.at\/index.php\/wp-json\/wp\/v2\/media?parent=941"}],"curies":[{"name":"wp","href":"https:\/\/api.w.org\/{rel}","templated":true}]}}